{"id":39,"date":"2025-03-12T11:15:22","date_gmt":"2025-03-12T11:15:22","guid":{"rendered":"https:\/\/multimattermeeting.pl\/?page_id=39"},"modified":"2026-03-10T21:41:15","modified_gmt":"2026-03-10T20:41:15","slug":"zapisy-na-warsztaty","status":"publish","type":"page","link":"https:\/\/multimattermeeting.pl\/?page_id=39","title":{"rendered":"Warsztaty"},"content":{"rendered":"<p><img loading=\"lazy\" decoding=\"async\" src=\"https:\/\/multimattermeeting.pl\/wp-content\/uploads\/2026\/02\/2-819x1024.png\" sizes=\"auto, 100vw\" srcset=\"https:\/\/multimattermeeting.pl\/wp-content\/uploads\/2026\/02\/2-819x1024.png 819w, https:\/\/multimattermeeting.pl\/wp-content\/uploads\/2026\/02\/2-240x300.png 240w, https:\/\/multimattermeeting.pl\/wp-content\/uploads\/2026\/02\/2-768x960.png 768w, https:\/\/multimattermeeting.pl\/wp-content\/uploads\/2026\/02\/2.png 1080w\" alt=\"\" width=\"525\" height=\"656\" \/><\/p>\n<p><a href=\"https:\/\/forms.gle\/FaedoUN5Aipn7ixY9\">Zapisy na warsztaty, kliknij tu!<\/a><\/p>\n<p>Zapisuj\u0105c si\u0119, deklaruj\u0119 zgod\u0119 nauczyciela z kt\u00f3rym odbywa\u0142aby si\u0119 lekcja.<\/p>\n<p><strong>Warsztaty strategiczne LEGO<\/strong>\u00a0prowadz\u0105cy \u2014 <strong>dr Bartosz Mazurkiewicz, lider kierunku Game Development CDV\u00a0<\/strong><\/p>\n<p>Dr Bartosz Mazurkiewicz<img loading=\"lazy\" decoding=\"async\" class=\"size-medium wp-image-319 alignright\" style=\"font-size: 1rem;\" src=\"https:\/\/multimattermeeting.pl\/wp-content\/uploads\/2026\/03\/Zrzut-ekranu-2026-03-10-213723-229x300.png\" alt=\"\" width=\"229\" height=\"300\" srcset=\"https:\/\/multimattermeeting.pl\/wp-content\/uploads\/2026\/03\/Zrzut-ekranu-2026-03-10-213723-229x300.png 229w, https:\/\/multimattermeeting.pl\/wp-content\/uploads\/2026\/03\/Zrzut-ekranu-2026-03-10-213723.png 710w\" sizes=\"auto, (max-width: 229px) 100vw, 229px\" \/><br \/>\nOd ponad 15 lat pracuje z lud\u017ami: uczy, prowadzi projekty, doradza, a czasem po prostu s\u0142ucha. Przez wiele lat by\u0142 wyk\u0142adowc\u0105 na Uniwersytecie Ekonomicznym w Poznaniu. Obecnie prowadzi kierunek Game Development w Collegium Da Vinci, gdzie \u0142\u0105czy teori\u0119 z praktyk\u0105 i pomaga studentom realizowa\u0107 w\u0142asne gry \u2013 od pomys\u0142u po gotowy projekt. Ma za sob\u0105 kilka lat pracy w agencji marketingowej, gdzie odpowiada\u0142 za strategie<br \/>\nkomunikacji i prac\u0119 zespo\u0142\u00f3w kreatywnych. Dzi\u0119ki temu wie, jak przeku\u0107 ide\u0119 w dzia\u0142anie i jak<br \/>\nogarnia\u0107 z\u0142o\u017cone rzeczy prostymi narz\u0119dziami. Najlepiej czuje si\u0119 tam, gdzie mo\u017cna po\u0142\u0105czy\u0107 ludzi, pomys\u0142y i dzia\u0142anie. Lubi rozmawia\u0107,<br \/>\ndr\u0105\u017cy\u0107, porz\u0105dkowa\u0107, motywowa\u0107. Na zaj\u0119ciach stawia na partnerstwo, autentyczno\u015b\u0107 i zaufanie \u2013 bez zb\u0119dnego nad\u0119cia, ale z szacunkiem do ka\u017cdej osoby i jej procesu. Po godzinach gra we wszystko (od gier niezale\u017cnych po klasyki), czyta science fiction i \u015bledzi nowinki technologiczne. Czasem sk\u0142ada LEGO, czasem rozk\u0142ada rzeczy na czynniki pierwsze \u2013 a potem sk\u0142ada je z powrotem, tylko lepiej.<\/p>\n<p>Warsztaty strategiczne LEGO\u00ae<br \/>\nWarsztat LEGO\u00ae Serious Play\u00ae to trzygodzinne spotkanie o skutecznej komunikacji. Podczas zaj\u0119\u0107 uczestnicy, buduj\u0105c z klock\u00f3w LEGO, b\u0119d\u0105 przygl\u0105da\u0107 si\u0119 najcz\u0119stszym wyzwaniom komunikacyjnym i szuka\u0107 sposob\u00f3w, jak lepiej sobie z nimi radzi\u0107 w codziennych sytuacjach. To warsztat, podczas kt\u00f3rego naprawd\u0119 pracujemy z LEGO. Budujemy, testujemy pomys\u0142y, dzia\u0142amy indywidualnie i w grupach, a potem wsp\u00f3lnie rozmawiamy o najlepszych<br \/>\nrozwi\u0105zaniach. Pokazuje, \u017ce o powa\u017cnych tematach mo\u017cna m\u00f3wi\u0107 w spos\u00f3b<span style=\"font-size: 1rem;\"> anga\u017cuj\u0105cy,\u00a0<\/span>kreatywny i swobodny. \u0141\u0105czy dobr\u0105 zabaw\u0119 z refleksj\u0105, pobudza wyobra\u017ani\u0119 i pomaga lepiej zrozumie\u0107, jak si\u0119 komunikujemy oraz co mo\u017cemy robi\u0107 skuteczniej.<\/p>\n<p>&nbsp;<\/p>\n<p><img loading=\"lazy\" decoding=\"async\" class=\"alignright\" src=\"https:\/\/multimattermeeting.pl\/wp-content\/uploads\/2026\/03\/Dagmara-Prystacka-730x1024.webp\" sizes=\"auto, 100vw\" srcset=\"https:\/\/multimattermeeting.pl\/wp-content\/uploads\/2026\/03\/Dagmara-Prystacka-730x1024.webp 730w, https:\/\/multimattermeeting.pl\/wp-content\/uploads\/2026\/03\/Dagmara-Prystacka-214x300.webp 214w, https:\/\/multimattermeeting.pl\/wp-content\/uploads\/2026\/03\/Dagmara-Prystacka-768x1078.webp 768w, https:\/\/multimattermeeting.pl\/wp-content\/uploads\/2026\/03\/Dagmara-Prystacka.webp 1024w\" alt=\"\" width=\"268\" height=\"376\" \/><strong>Warsztaty z komunikacji i kreatywno\u015bci<\/strong>\u00a0prowadz\u0105ca \u2014\u00a0<b>dr Dagmara Prystacka<\/b>, od ponad dwudziestu pi\u0119ciu lat zwi\u0105zana z\u00a0<b>mediami i\u00a0komunikacj\u0105 korporacyjn\u0105<\/b>. By\u0142am wsp\u00f3\u0142pracownikiem\u00a0<b>G\u0142osu Wielkopolskiego<\/b>, a\u00a0nast\u0119pnie\u00a0<b>redaktorem naczelnym \u201eCity Magazine\u201d<\/b>, miesi\u0119cznika wydawanego przez Agora S.A.\u00a0Przez blisko 10 lat jako reporterka, wsp\u00f3\u0142wydawca i\u00a0prezenterka pracowa\u0142am \u2013 najpierw w\u00a0<b>Telewizji Biznes<\/b>, p\u00f3\u017aniej w\u00a0T<b>elewizji Polskiej<\/b>. Przez trzy lata by\u0142am zawodowo zwi\u0105zana ze\u00a0Grup\u0105\u00a0<b>Enea S.A.<\/b>, pe\u0142ni\u0105c tam funkcj\u0119\u00a0<b>rzecznika prasowego i\u00a0szefa biura prasowego<\/b>. W\u00a02015 roku obj\u0119\u0142am funkcj\u0119\u00a0<b>rzecznika prasowego w\u00a0Volkswagen Pozna\u0144<\/b>, reprezentuj\u0105c cztery zak\u0142ady produkcyjne koncernu w\u00a0Polsce.\u00a0 Jestem absolwentk\u0105 politologii na\u00a0Uniwersytecie im.\u00a0Adama Mickiewicza w\u00a0Poznaniu, London School of Public Relations oraz\u00a0studi\u00f3w MBA na\u00a0Uniwersytecie Ekonomicznym w\u00a0Poznaniu. W\u00a02019 roku otworzy\u0142am przew\u00f3d doktorski na\u00a0<b>Wydziale Nauk Politycznych i\u00a0Dziennikarstwa UAM<\/b>.\u00a0opis \u2014\u00a0Jakie umiej\u0119tno\u015bci naprawd\u0119 licz\u0105 si\u0119 w \u015bwiecie, kt\u00f3ry zmienia si\u0119 szybciej ni\u017c kiedykolwiek? Podczas warsztatu poznasz kluczowe\u00a0<b>kompetencje przysz\u0142o\u015bci<\/b>\u00a0\u2013 od kreatywnego my\u015blenia i adaptacyjno\u015bci po wsp\u00f3\u0142prac\u0119 i efektywn\u0105 komunikacj\u0119 w zespole \u2013 i sprawdzisz je w praktycznych zadaniach.\u00a0B\u0119dziemy pracowa\u0107 warsztatowo, w zespo\u0142ach i na\u00a0<b>realnych wyzwaniach<\/b>, rozwijaj\u0105c umiej\u0119tno\u015bci, kt\u00f3re przydadz\u0105 si\u0119 niezale\u017cnie od bran\u017cy.\u00a0Minimum teorii, maksimum dzia\u0142ania i\u00a0<b>konkretne narz\u0119dzia, kt\u00f3re wykorzystasz w swojej edukacyjnej i zawodowej drodze<\/b>.<\/p>\n<p>&nbsp;<\/p>\n<p>&nbsp;<\/p>\n<p><img loading=\"lazy\" decoding=\"async\" class=\"alignright\" src=\"https:\/\/multimattermeeting.pl\/wp-content\/uploads\/2026\/03\/Sylwia-Jaskulska.jpg\" sizes=\"auto, 100vw\" srcset=\"https:\/\/multimattermeeting.pl\/wp-content\/uploads\/2026\/03\/Sylwia-Jaskulska.jpg 536w, https:\/\/multimattermeeting.pl\/wp-content\/uploads\/2026\/03\/Sylwia-Jaskulska-300x300.jpg 300w, https:\/\/multimattermeeting.pl\/wp-content\/uploads\/2026\/03\/Sylwia-Jaskulska-150x150.jpg 150w, https:\/\/multimattermeeting.pl\/wp-content\/uploads\/2026\/03\/Sylwia-Jaskulska-100x100.jpg 100w\" alt=\"\" width=\"218\" height=\"218\" \/><\/p>\n<p><strong>Co mo\u017ce by\u0107 kompasem moich wybor\u00f3w edukacyjnych i zawodowych?<\/strong><b>\u00a0<\/b>prowadz\u0105ca \u2014<strong> dr hab.<\/strong> <b>Sylwia Jaskulska<\/b>,\u00a0<b>prof. UAM<\/b>, pedago\u017cka, pracuje na stanowisku\u00a0<b>profesora w Pracowni Pedagogiki Szkolnej na Wydziale Studi\u00f3w Edukacyjnych Uniwersytetu im. Adama Mickiewicza w Poznaniu. Prodziekan Wydzia\u0142u Studi\u00f3w Edukacyjnych Uniwersytetu im. Adama Mickiewicza w Poznaniu. Autorka, wsp\u00f3\u0142autorka i wsp\u00f3\u0142redaktorka kilku ksi\u0105\u017cek o szkole i kilkudziesi\u0119ciu innych tekst\u00f3w<\/b>. Jej zainteresowania to ocenianie szkolne, dobrostan os\u00f3b uczniowskich i pracuj\u0105cych w zawodzie nauczyciela. Cz\u0142onkini Rady Programowej O\u015brodka Koordynacyjno-Programowego Kszta\u0142cenia Nauczycieli. Zast\u0119pczyni redaktor naczelnej \u201eRocznika Pedagogicznego\u201d. Prowadzi firm\u0119 szkoleniow\u0105: Sylwia Jaskulska-Spotkania Edukacyjne.\u00a0<b><br \/>\n<\/b>\u00a0opis \u2014\u00a0Wyb\u00f3r dalszej \u015bcie\u017cki kszta\u0142cenia i zawodu to jedna z pierwszych naprawd\u0119 wa\u017cnych decyzji w \u017cyciu. Dzi\u015b mo\u017cliwo\u015bci jest bardzo du\u017co, a rynek pracy szybko si\u0119 zmienia, dlatego pytanie \u201ekim chc\u0119 zosta\u0107 w przysz\u0142o\u015bci?\u201d nie zawsze wystarcza. Podczas warsztat\u00f3w spr\u00f3bujemy uporz\u0105dkowa\u0107 ten temat i poszuka\u0107 w\u0142asnych kryteri\u00f3w podejmowania decyzji.W trakcie spotkania uczestniczki i uczestnicy b\u0119d\u0105 pracowa\u0107 nad swoim osobistym \u201ekompasem\u201d, opartym na trzech obszarach:\u00a0Warto\u015bci i priorytety;\u00a0\u00a0Mocne strony i realne mo\u017cliwo\u015bci; Poczucie satysfakcji i dobrostan. Porozmawiamy o tym, co \u2013 poza pieni\u0119dzmi \u2013 sprawia, \u017ce ludzie czuj\u0105 si\u0119 spe\u0142nieni w pracy. Jakie warunki sprzyjaj\u0105 d\u0142ugofalowemu zadowoleniu?\u00a0Warsztaty maj\u0105 charakter\u00a0<b>praktyczny i anga\u017cuj\u0105cy<\/b>. Nie b\u0119dzie gotowych odpowiedzi ani jednego \u201ew\u0142a\u015bciwego wyboru\u201d. Zamiast tego uczestniczki i uczestnicy\u00a0zostan\u0105\u00a0zaproszeni\u00a0 do lepszego poznania siebie i bardziej \u015bwiadomego planowania kolejnych krok\u00f3w edukacyjnych i zawodowych.<\/p>\n<p>&nbsp;<\/p>\n<p><img loading=\"lazy\" decoding=\"async\" class=\"alignright\" src=\"https:\/\/multimattermeeting.pl\/wp-content\/uploads\/2026\/03\/Adam-Szymaniak.jpg\" sizes=\"auto, 100vw\" srcset=\"https:\/\/multimattermeeting.pl\/wp-content\/uploads\/2026\/03\/Adam-Szymaniak.jpg 300w, https:\/\/multimattermeeting.pl\/wp-content\/uploads\/2026\/03\/Adam-Szymaniak-240x300.jpg 240w\" alt=\"\" width=\"300\" height=\"375\" \/><\/p>\n<p><b>Insights Discovery &#8211; kolory osobowo\u015bci w praktyce. Jak lepiej rozumie\u0107 siebie i ludzi wok\u00f3\u0142<\/b>\u00a0prowadz\u0105cy \u2014<b>\u00a0 dr hab. Adam Szymaniak<\/b>, <strong>prof. UAM<\/strong>, doktor habilitowany w zakresie nauk o polityce (specjalno\u015b\u0107 polityka gospodarcza). Pracownik Zak\u0142adu Studi\u00f3w Niemcoznawczych na Wydziale Nauk Politycznych i Dziennikarstwa Uniwersytetu im. Adama Mickiewicza w Poznaniu. Prowadzi szkolenia i wsp\u00f3lne projekty dla m.in. <b>Accenture, Allegro, Amica, Canal+ Sport, Danone, Deloitte, DHL, ECDF, Franklin Templeton, Gettinge, IBM, Ingka, SABMiller, Lidl, Lisner, McKinsey, Medella, Nivea, PGNiG, Polsat, Puro Hotels, Raben, RMF Maxx, Santander, Stary Browar, TVN, Volkswagen, Zeiss, ZPR, \u017babka Group<\/b>\u00a0opis \u2014 pe\u0142en warsztat trwa 2 dni i jest realizowany dla\u00a0menad\u017cer\u00f3w\u00a0i specjalist\u00f3w z takich firm jak m.in.\u00a0<b>Volkswagen, Google, International Papier, Franklin Tempelton<\/b>\u00a0itd.; wprowadzenie do \u015bwiata Insights Discovery jest<b>\u00a0szczeg\u00f3lnie przydatne przed wyborem kierunku studi\u00f3w i \u015bcie\u017cki zawodowej.<br \/>\n<\/b><\/p>\n<p><b>\u00a0<\/b><\/p>\n<p><img loading=\"lazy\" decoding=\"async\" class=\"alignright\" src=\"https:\/\/multimattermeeting.pl\/wp-content\/uploads\/2026\/03\/Oliwia-Samelak-1024x683.jpg\" sizes=\"auto, 100vw\" srcset=\"https:\/\/multimattermeeting.pl\/wp-content\/uploads\/2026\/03\/Oliwia-Samelak-1024x683.jpg 1024w, https:\/\/multimattermeeting.pl\/wp-content\/uploads\/2026\/03\/Oliwia-Samelak-300x200.jpg 300w, https:\/\/multimattermeeting.pl\/wp-content\/uploads\/2026\/03\/Oliwia-Samelak-768x512.jpg 768w, https:\/\/multimattermeeting.pl\/wp-content\/uploads\/2026\/03\/Oliwia-Samelak.jpg 1499w\" alt=\"\" width=\"324\" height=\"216\" \/><\/p>\n<p><b>Co chcesz zmieni\u0107 w \u015bwiecie?<\/b><b>\u00a0<\/b>prowadz\u0105ca \u2014\u00a0<b>dr Oliwia Samelak \u2013 psycholo\u017cka i ekonomistka<\/b>\u00a0<b>Mened\u017cerka kierunku Psychologia w biznesie i wyk\u0142adowczyni na Uniwersytecie WSB Merito w Poznaniu<\/b>. Obecnie ko\u0144cz\u0119 certyfikacj\u0119 na pierwszego w Polsce\u00a0<b>Meaning &amp; Purpose in Life Trainer<\/b>. Zajmuj\u0119 si\u0119 sensem w \u017cyciu i w pracy od strony psychologicznej, tworz\u0105c przestrze\u0144, w kt\u00f3rej ka\u017cdy mo\u017ce by\u0107 sob\u0105. Wspieram ludzi w nadawaniu sensu w\u0142asnym do\u015bwiadczeniom, odkrywaniu tego, co naprawd\u0119 dla nich wa\u017cne i podejmowaniu decyzji zgodnych z ich wn\u0119trzem. Ciesz\u0119 si\u0119, \u017ce mog\u0119 wr\u00f3ci\u0107 do swojego liceum \u2013 Liceum \u015bw. Marii Magdaleny w Poznaniu \u2013 i spotka\u0107 si\u0119 z Wami podczas warsztat\u00f3w. opis \u2014 Na co dzie\u0144 jeste\u015bmy mocno skupieni na sobie \u2013 na swoich problemach, por\u00f3wnywaniu si\u0119 z innymi i na tym, \u201ejak dobrze maj\u0105 inni\u201d (zw\u0142aszcza w mediach spo\u0142eczno\u015bciowych). To cz\u0119sto prowadzi do napi\u0119cia, frustracji i poczucia, \u017ce czego\u015b nam brakuje. Ten warsztat zaprasza do spojrzenia nieco szerzej \u2013 poza siebie. Skupienie uwagi na tym, co mo\u017cemy zrobi\u0107, aby \u015bwiat sta\u0142 si\u0119 cho\u0107 troch\u0119 lepszym miejscem, zmienia spos\u00f3b my\u015blenia. Zamiast ci\u0105g\u0142ego analizowania siebie, zaczynamy dzia\u0142a\u0107. A dzia\u0142anie zmniejsza stres, wzmacnia poczucie sensu i sprawczo\u015bci. Warsztat \u201eCo chcesz zmieni\u0107 w \u015bwiecie?\u201d zach\u0119ca do refleksji nad tym, jak m\u00f3g\u0142by wygl\u0105da\u0107 idealny \u015bwiat oraz do poszukiwania ma\u0142ych, realnych dzia\u0142a\u0144, kt\u00f3re mo\u017cna podj\u0105\u0107 ju\u017c dzi\u015b, by mie\u0107 pozytywny wp\u0142yw na swoje otoczenie. Warsztat ma charakter refleksyjny i praktyczny, opiera si\u0119 g\u0142\u00f3wnie na \u0107wiczeniach i rozmowie w grupie.<\/p>\n","protected":false},"excerpt":{"rendered":"<p>Zapisy na warsztaty, kliknij tu! Zapisuj\u0105c si\u0119, deklaruj\u0119 zgod\u0119 nauczyciela z kt\u00f3rym odbywa\u0142aby si\u0119 lekcja. Warsztaty strategiczne LEGO\u00a0prowadz\u0105cy \u2014 dr Bartosz Mazurkiewicz, lider kierunku Game Development CDV\u00a0 Dr Bartosz Mazurkiewicz Od ponad 15 lat pracuje z lud\u017ami: uczy, prowadzi projekty, doradza, a czasem po prostu s\u0142ucha. Przez wiele lat by\u0142 wyk\u0142adowc\u0105 na Uniwersytecie Ekonomicznym w &hellip; <\/p>\n<p class=\"link-more\"><a href=\"https:\/\/multimattermeeting.pl\/?page_id=39\" class=\"more-link\">Czytaj dalej<span class=\"screen-reader-text\"> \u201eWarsztaty\u201d<\/span><\/a><\/p>\n","protected":false},"author":1,"featured_media":0,"parent":0,"menu_order":0,"comment_status":"closed","ping_status":"closed","template":"","meta":{"footnotes":""},"class_list":["post-39","page","type-page","status-publish","hentry"],"_links":{"self":[{"href":"https:\/\/multimattermeeting.pl\/index.php?rest_route=\/wp\/v2\/pages\/39","targetHints":{"allow":["GET"]}}],"collection":[{"href":"https:\/\/multimattermeeting.pl\/index.php?rest_route=\/wp\/v2\/pages"}],"about":[{"href":"https:\/\/multimattermeeting.pl\/index.php?rest_route=\/wp\/v2\/types\/page"}],"author":[{"embeddable":true,"href":"https:\/\/multimattermeeting.pl\/index.php?rest_route=\/wp\/v2\/users\/1"}],"replies":[{"embeddable":true,"href":"https:\/\/multimattermeeting.pl\/index.php?rest_route=%2Fwp%2Fv2%2Fcomments&post=39"}],"version-history":[{"count":42,"href":"https:\/\/multimattermeeting.pl\/index.php?rest_route=\/wp\/v2\/pages\/39\/revisions"}],"predecessor-version":[{"id":321,"href":"https:\/\/multimattermeeting.pl\/index.php?rest_route=\/wp\/v2\/pages\/39\/revisions\/321"}],"wp:attachment":[{"href":"https:\/\/multimattermeeting.pl\/index.php?rest_route=%2Fwp%2Fv2%2Fmedia&parent=39"}],"curies":[{"name":"wp","href":"https:\/\/api.w.org\/{rel}","templated":true}]}}